 3. Suppose -4*w + i = -46 + f, -3*w + g*i = -42. What are the prime factors of w?
3
Let b(o) = -179*o + 2. List the prime factors of b(-4).
2, 359
Let y(j) = j**2 + 4*j + 3. Let d = 14 + -18. Let a be y(d). What are the prime factors of (47 + -6)*(-2 + a)?
41
List the prime factors of 12543/5 - -3*(-2)/10.
2, 3, 11, 19
Suppose 2*v + 1 = v. Let k be (-3)/((-3)/2) - v. Suppose -40 = -4*m - 4*z, -5*m + 57 = -5*z - k. List the prime factors of m.
11
Suppose 16*x - 15*x = -3*t + 644, -3*x + 1944 = 5*t. What are the prime factors of x?
653
Suppose -j - 5*i + 437 = 0, 0*j + j - 432 = -4*i. Let s = j + -208. What are the prime factors of s?
2, 3, 17
Let b(z) = 15*z + 14. Let j(f) = -f - 1. Let k(h) = -b(h) - 2*j(h). What are the prime factors of k(-4)?
2, 5
Let i(s) = 10*s**2 + 24*s + 10. What are the prime factors of i(-12)?
2, 7, 83
Let c = 1114 + -729. List the prime factors of c.
5, 7, 11
Let n(x) = 3*x**2 + x. Let u be n(-1). Suppose -u*p = -r + 33, -2*r + 2*p = -0*r - 56. List the prime factors of r.
23
Let i(t) = 3*t - 34. Let n be i(11). What are the prime factors of (-200 - (5 + -6))/n?
199
Let d = -11 + 15. Suppose -d*q + 0*q = 248. Let u = 102 + q. List the prime factors of u.
2, 5
Let m be 15/(-2)*3/(9/102). What are the prime factors of 1/(2/8) - m?
7, 37
What are the prime factors of (-39)/91 - 2512/(-14)?
179
Let g(z) = 18*z**2 + 11*z + 19. What are the prime factors of g(-6)?
601
Suppose 17442 = 9*q + 1944. List the prime factors of q.
2, 3, 7, 41
Let t be 0 + -2 - 52*-2. Let u = t - 42. List the prime factors of u.
2, 3, 5
Suppose -2602 = -9*f + 4364. List the prime factors of f.
2, 3, 43
Suppose -2*c + 1693 = 2*f + 3*f, 0 = 4*c - 4*f - 3428. What are the prime factors of c?
2, 7, 61
Suppose -9*o + 14*o = 385. Suppose d - 19 = -5*z, d - o = -d + 3*z. List the prime factors of d.
2, 17
Let n(y) = 2*y + 1. Let i be n(5). Suppose -9*a + i*a = 114. List the prime factors of a.
3, 19
Let v = 39 + -48. What are the prime factors of ((-8)/10)/(v - (-2336)/260)?
2, 13
Suppose 5*g + 0 - 20 = 0. Suppose -7 = g*n - 31. Suppose -2*j = -2 - n. List the prime factors of j.
2
Suppose 2238 + 8619 = 11*l. List the prime factors of l.
3, 7, 47
Suppose 9*x - 184 = 5*x. Let r be (-1)/(-3) - x/(-6). Let w = r + 8. What are the prime factors of w?
2
Suppose 126 = -9*q + 23*q. Suppose 655 = 2*j - 5*h, -q*h + 2 = -11*h. List the prime factors of j.
5, 13
Let i(p) = -p**2 + 11*p - 1. Let a be i(10). Let w(h) = 9*h + 8. List the prime factors of w(a).
89
Let c(s) = -184*s - 56. What are the prime factors of c(-9)?
2, 5
Let u(a) be the second derivative of -a**4/12 - 11*a**3/6 - 3*a**2 + 20*a. What are the prime factors of u(-6)?
2, 3
What are the prime factors of 6/21*-1*(2 + -3033)?
2, 433
Suppose 20292 = 4*w + 15*w. What are the prime factors of w?
2, 3, 89
Let k(i) be the first derivative of i**4/4 - i**3 - 4*i**2 - 6*i - 1. Suppose -10 = -2*v + 4*p, 2*p = 4*v + 4*p - 20. What are the prime factors of k(v)?
2
Let y(p) = 61*p + 5. What are the prime factors of y(6)?
7, 53
Suppose 891 = -2*j + 6401. List the prime factors of j.
5, 19, 29
Suppose 2*z + z = -2*i + 21, 0 = 3*z - 5*i. Suppose 3*o = g - 82, 5*g + z*o - 585 = -75. List the prime factors of g.
97
Let j(t) = 6*t**2 + 1. Let m be j(-1). Let h(v) = v**2 - v + 4 + 5 + m*v. List the prime factors of h(-6).
3
Let f(g) be the first derivative of -9*g**4/2 + g**3/3 + 3*g**2/2 + 8*g - 13. List the prime factors of f(-2).
2, 3, 5
Let n(c) be the third derivative of c**5/6 - 5*c**4/24 + 19*c**3/6 - 4*c**2 - 2*c. List the prime factors of n(3).
2, 47
What are the prime factors of (-6)/8 - (-55605)/44?
3, 421
Suppose -7*y = -10*y. Suppose 0 = -2*k + 5*t + 95, y = 3*k + 2*k - 5*t - 200. List the prime factors of k.
5, 7
Let z(c) = -c**3 - 11*c**2 - 12*c - 7. Let m be z(-10). List the prime factors of (1 - 5) + (-8)/(-4)*m.
2, 11
Let d = 837 - 412. List the prime factors of d.
5, 17
Let i(t) = 12*t**2 + 2*t + 1. Let s be i(2). Let m = s - -80. List the prime factors of m.
7, 19
What are the prime factors of ((-104)/(-32))/(7/2100)?
3, 5, 13
Suppose u + 152 = 5*u. Let n be 12/42 - u/(-14). Suppose -n*r + 8 = -19. What are the prime factors of r?
3
Let g = -15 - -17. Let l be (-5)/(15/(-6)) - g. Suppose 0 = -l*s - s + 2. What are the prime factors of s?
2
Let z = 25 + -36. Let v = -19 - z. Let k = v - -18. What are the prime factors of k?
2, 5
Suppose -k + 4*c = -457, 9*k + c = 8*k + 472. What are the prime factors of k?
7, 67
Suppose 2276 = 7*n - 2848. What are the prime factors of n?
2, 3, 61
Let p(b) = -b**2 - 12*b + 4. Let u be p(-12). Suppose -w - 5 = u*w. Let h(i) = -16*i**3 - 2*i - 1. What are the prime factors of h(w)?
17
Let x(u) = 2 + 6*u**2 - 11*u**3 + 4*u**3 + 8*u**3 - 3*u. Suppose 0 = -0*j + 4*j + 24. What are the prime factors of x(j)?
2, 5
Let f(r) = r**3 + 9*r**2 - 6*r + 1. What are the prime factors of f(-5)?
131
Let b(x) be the third derivative of -x**6/120 + 2*x**5/15 - x**4/6 - x**3 + 2*x**2. Let v = 46 + -39. What are the prime factors of b(v)?
3, 5
Let t(i) = -i**3 + 7*i**2 - 3*i - 3. Let k be t(6). What are the prime factors of (-50)/k*-1*33?
2, 5, 11
Let b = 388 - 230. Let x = 7 - 2. Suppose x*u + 33 = b. What are the prime factors of u?
5
Suppose -5 = -2*g + 3. Suppose -g*q = q. Suppose 0 = b + n - 15, q*n - 4*n + 24 = b. List the prime factors of b.
2, 3
Let z = 1503 - 739. What are the prime factors of z?
2, 191
Suppose -f - 4*l = -61, 3*f - 4*l - 119 = -0*l. Let x be f/60 - 10/(-8). Suppose 0 = 2*m - 6, -x*m - 30 = -2*s - s. List the prime factors of s.
2, 3
Let r(w) = -w**3 + w**2 - w + 108. Let f be r(0). Suppose -3*i = -0*i + f. List the prime factors of (-9)/i*(0 - -20).
5
Let j(t) = 203*t**2 + 13*t + 5. What are the prime factors of j(2)?
3, 281
Let i(k) = 2*k**3 - 7*k**2 + 17*k - 73. What are the prime factors of i(8)?
3, 71
Let x = 29 + -24. List the prime factors of 84/x*(-40)/(-12).
2, 7
Suppose 0 = -2*p - 6 + 2. Let y be (p/5)/((-1)/(-20)). What are the prime factors of y*(4/2 - 3)?
2
What are the prime factors of 15734/6 + 17 + (-490)/30?
43, 61
Let d(y) = 8*y**2 - 11*y + 17. What are the prime factors of d(3)?
2, 7
Suppose 34074 + 10222 = 14*q. What are the prime factors of q?
2, 7, 113
Let i(w) = 36*w**2 - 45*w + 55. What are the prime factors of i(14)?
6481
Let i = 974 + -401. List the prime factors of i.
3, 191
Suppose -135 = 6*r - 1851. What are the prime factors of r?
2, 11, 13
What are the prime factors of (-43675)/(-20) - (75/20 - 4)?
2, 3, 7, 13
Let n be (-34)/(-10) + -3 + (-2716)/(-10). Suppose 0 = 4*q - 116 - n. List the prime factors of q.
97
Suppose 0 = 20*f - 15*f - 25. Suppose 218 = f*d - 122. Let c = d - 23. List the prime factors of c.
3, 5
Let c(w) be the first derivative of w**3 - 3*w**2 - 6*w - 13. List the prime factors of c(-3).
3, 13
Let z = -105 - -698. List the prime factors of z.
593
Let v(t) = -t**3 - 31*t**2 + 55*t + 37. List the prime factors of v(-33).
2, 5
Let d = 1143 - 816. What are the prime factors of d?
3, 109
Suppose -1249 = -2*a - 4*f - 85, -3*f - 557 = -a. Suppose 0 = 7*u - 3*u - a. List the prime factors of u.
11, 13
Let m = -72 + 122. Let b = m - -11. List the prime factors of b.
61
Let p = -298 - -424. Suppose 2*o = -0*o + p. List the prime factors of o.
3, 7
Let m be (-1)/(44/(-20) + 2). Suppose -k + 51 = k - m*n, -3*k + n + 57 = 0. Let o = 32 - k. What are the prime factors of o?
2, 7
Let x(z) = z**2 + 30*z + 66. List the prime factors of x(-30).
2, 3, 11
Suppose -15*j + 2368 = -11567. What are the prime factors of j?
929
What are the prime factors of (222 - 225) + 864 + 0 + 1?
2, 431
Let r = -113 + 272. List the prime factors of r.
3, 53
Suppose 0 = 3*i + 6, -7*i + 7144 = 4*b - 250. List the prime factors of b.
2, 463
Suppose 25512 = -0*o + 24*o. What are the prime factors of o?
1063
Let a(n) = n**3 - 3*n**2 - 3*n + 4. Let t be a(5). Suppose 37 = 2*r - t. List the prime factors of r.
2, 19
Let t(x) = -x**2 - 6*x - 5. Let r be t(-5). Suppose -5*k + r*k + 25 = 0. Suppose -2*g = u + 1, k*u + 16 + 5 = -2*g. What are the prime factors of g?
2
Let r be -2 - 2*(-4 - 0). Let k(h) = 7*h - 9. List the prime factors of k(r).
3, 11
Let a = -33 - -31. Let p be (-13)/(2/24*a). Suppose -p = -l - 6. What are the prime factors of l?
2, 3
Let v 